ose 2*v = -0*v. Let d(u) = u**2. Let r(k) = -3*k**2 - k + 15. Suppose -4*p + 24 = -10*p. Let l(g) = p*d(g) - r(g). Determine l(v).
-15
Let v(f) = -f**3 + 6*f**2 + 8. Let y = 19 - 13. Suppose -z - l = 0, 0 = y*z - 2*z + l - 12. Suppose -3*d + 7 = -3*u + 1, -z = -u. Give v(d).
8
Let b(c) = c**3 + 4*c**2 - 6*c - 7. Let h be b(-5). Let a(y) be the third derivative of -y**5/20 - y**3/3 - 188*y**2. Calculate a(h).
-14
Let b(o) be the first derivative of o**5/60 + o**4/4 - 11*o**3/6 - o**2/2 - 59*o + 89. Let p(z) be the second derivative of b(z). Calculate p(-8).
5
Let m(i) = 5*i + 8. Let f(g) = 9*g + 14. Let r(p) = -4*f(p) + 7*m(p). Let c(h) = -h**2 - 15*h - 27. Let x be c(-2). What is r(x)?
1
Let m be (-99)/297*2/(-8). Let g(l) be the second derivative of 17/2*l**2 + 0*l**3 - m*l**4 + 0 - 8*l. Determine g(0).
17
Suppose 4*x + 4*o = -20, -2*x = -5*o - 0*o + 17. Let g(b) = 5*b**2 + 18*b + 3. Let p(u) = -u**2 - 2*u. Let f(s) = x*p(s) - g(s). Calculate f(6).
-3
Suppose 5*u + 7 - 52 = 0. Let s(n) = -8*n**2 - 21*n - 9. Let j(x) = 2*x**2 + 5*x + 2. Let o(r) = u*j(r) + 2*s(r). Let p = -25 - -22. What is o(p)?
9
Let x = 114 - 114. Suppose 4*v = g + 5, 0 = -2*v + 2 - x. Let w(k) = 2*k**3 + k**2 + k. Determine w(g).
-2
Let s be 4 - (202/3)/((-12)/18). Suppose 0 = s*w - 94*w + 11. Let r(u) = 28*u. Calculate r(w).
-28
Let s(n) = -66*n**2 - n**3 + 190*n**2 + 17 - 63*n**2 + 11*n - 68*n**2. Let l be s(-8). Let h(q) = -q**3 - 8*q**2 - 8*q + 2. Calculate h(l).
9
Let f = 150 + -143. Let n(h) = 18*h + 10 - 34*h**2 - f*h + 35*h**2. Determine n(-7).
-18
Let x(k) = 14*k + 13. Let z(m) = 7*m + 6. Let q = 68 - 58. Suppose q*a + 36 = 6. Let v(i) = a*x(i) + 7*z(i). What is v(-4)?
-25
Let a(n) = -4*n**3 - n**2 + 10*n + 8. Let y(o) = -o**3 - o**2 + o + 1. Suppose -2*f = -0*f - 5*x, 4*f = -5*x - 30. Let g(w) = f*y(w) + a(w). Calculate g(-3).
-3
Let z be 3*-2*(-7)/(-14)*19. Let u = 63 + z. Let k(p) = p - 2. Let d(t) = t - 3. Let x(s) = -6*d(s) + 5*k(s). What is x(u)?
2
Let w(z) = z**2 + 6*z + 7. Suppose 0 = -0*h - 4*h + 720. Let k be ((-1)/(-3))/(5*6/h). Suppose k = 2*v + 3*s, 2*v + 31 - 1 = 5*s. What is w(v)?
2
Let s(t) = -109 + t + 0*t + 121. Give s(-11).
1
Suppose 2*v - v = -q + 2, 5*v - 5 = 0. Suppose s + y = 5, -q = 4*s - y - 6. Suppose 0 = 3*d + u + 13, s*u + 9 = d + 5*u. Let a(w) = -2*w + 3. Give a(d).
15
Let a(d) = -7*d**3 + 8*d**2 + 3*d - 3. Let r(w) = 2*w**3 + 2. Let v(p) = a(p) + 4*r(p). What is v(-7)?
33
Let y(i) = i**3 + i**2 - i + 4. Suppose -4*x + 0 = -8. Suppose 39 - 21 = x*f. Let p be f*4/24*-2. Give y(p).
-11
Let v(q) = -q**3 + 6*q**2 - 5*q - 1. Suppose 33 + 22 = -5*j. Let y be 154/30 - ((-198)/135)/j. Give v(y).
-1
Suppose 0 = 7*v + 3*v - 30. Let a(d) = 1571*d**v - 6*d**2 + 4 + 0 - 1572*d**3 - 4*d. Determine a(-5).
-1
Let y(g) = 261 - 1071 + 276 - 2*g + 311 + 283. Determine y(28).
4
Let o(j) = -25*j**3 + 19 + 9 + 24*j**3 - 7. What is o(0)?
21
Suppose 3*q = -q + 4*v - 4, q = 4*v - 7. Suppose f - 3 = 0, 2*y + 2*f - q = y. Let z(b) = b**3 + 5*b**2 - b - 5. Calculate z(y).
0
Let n(c) be the first derivative of -2*c**2 - 42*c - 1185. Give n(-16).
22
Let z(p) = p + 1 - 3 + 5. Let n(h) = 8*h**2 - 3*h + 16 + 3*h**3 + 6*h**3 - 11*h**3 + 6*h**2. Let u be n(7). Give z(u).
-2
Let s(o) = o**2 - 4*o + 2. Let i = -2119 - -1470. Let g = -645 - i. Give s(g).
2
Let g(n) be the first derivative of -n**4/4 + 7*n**3/3 + 6*n**2 - 30*n - 597. Give g(8).
2
Let n(c) = 13*c - 5. Suppose 37 = 24*f + 13*f. Let x(t) = -2*t. Let m(l) = f*n(l) + 5*x(l). Determine m(3).
4
Let q(d) = -d**3 - 6*d**2 - 6*d - 2. Let s be q(-4). Let r = 7 + s. Let l(c) = -9*c + 12*c + 3*c**2 + 0*c**3 - 8*c + 3*c + c**3. Determine l(r).
6
Let j(x) = 5*x**2 + 0*x**2 + 6*x**2 - 10*x**2 - 2*x - 2 + 2*x**2. What is j(-2)?
14
Let b(u) = -u - 7. Let d = -2383 + 2303. Let l(y) = -20*y**2 + 2*y + 2. Let w be l(2). Let r = d - w. Calculate b(r).
-1
Let r = -8 - -8. Suppose r = -14*o + 9*o + 15. Let g(w) be the third derivative of -w**5/60 - w**4/24 + w**3/3 - 4*w**2. Give g(o).
-10
Suppose -5*i + 5*t = 0, -3 = -i + 4*t - 21. Let s(g) = -g**3 + 7*g**2 - 7*g + 8. Give s(i).
2
Let c = 11374 + -11382. Let j(t) = -t**2 - 4*t + 36. Calculate j(c).
4
Suppose 5*t - 28 = o + 199, -2*o = -3*t + 139. Let m be (-20 + -1)*3*5/t. Let n(v) = v**3 + 7*v**2 - 4. Calculate n(m).
-4
Let m = -379 + 383. Let d(g) = -m - g - 8 + 1. Calculate d(10).
-21
Let s(q) = q**3 + 8*q**2 + 7*q - 6. Let n = 8 - 15. Let a be s(n). Let r(m) = 5*m**3 - 4*m**3 - m**2 + 3*m + 5*m**2 + 0*m + 3*m**2 - 8. Calculate r(a).
10
Let b = -269/18 - -175/9. Let t(p) be the second derivative of 0 + 19*p - 1/12*p**4 + b*p**2 + 5/6*p**3. Give t(7).
-5
Let z(w) = 42*w - 2643. Let h be z(63). Let c(j) be the third derivative of j**2 - 1/120*j**6 + 5/6*j**h + 0*j + 0 + 1/15*j**5 - 1/24*j**4. Determine c(4).
1
Let z be 34/10 - 720/(-1200). Suppose 6*m + 3 = 5*m + 5*g, -3*m - 4*g = -10. Let b(t) = 8*t**m + 2*t + 3*t + 4 - 10*t**2. Calculate b(z).
-8
Let w(z) = -14*z**2 - z - 3. Let x be w(-2). Let q = x + 56. Let p(y) = -4*y**2 - 676*y + 675*y - 3*y**2. Give p(q).
-6
Let d(s) be the second derivative of s**3/6 - s**2/2 + s. Suppose 2236*k = 2238*k + p + 15, 2*p = 5*k + 15. Give d(k).
-6
Let r be 18/(-3) + 0 - 7/(-1). Suppose -4*m = m - 25. Let u(c) = 4 + 5*c + m*c**2 - 2*c**2 + r - 4*c**2. Give u(5).
5
Let b(z) = z**2 - 2*z - 4. Let i = 198 + 358. Suppose -11*j - i = 643. Let p = j - -112. Give b(p).
-1
Let d(f) = -8 + 19 - 4 - 7*f. Let x(k) = -k + 8. Let i be x(3). What is d(i)?
-28
Let o(g) = -14*g**3 - 4*g**2 - 1. Let x(c) = -3*c + 11. Let m be x(3). Let j(n) = -2*n + 2*n + 9*n**m - n**3 - 10*n**2. Let a(i) = 5*j(i) - o(i). Give a(-1).
-9
Let z(t) = -71*t**2 + 3*t + 71. Let x(w) = -81*w**2 + 2*w + 72. Let u(d) = -7*x(d) + 8*z(d). Determine u(15).
-11
Let i(s) be the third derivative of 0*s + 1/20*s**5 - 1/120*s**6 + 0 + 1/3*s**4 - 1/2*s**3 - 10*s**2. Let v(y) = 2*y**2 + 4*y + 5. Let m be v(-2). What is i(m)?
-13
Let n(o) = o**3 + 22*o**2 + o + 24. Suppose -165*l = -158*l - 35. Suppose -133 + 23 = l*w. What is n(w)?
2
Let x(y) = -y**3 - 5*y**2 - 2*y. Suppose -a - a = -2*j - 44, -2*a - 2*j = -28. Let t(n) = -n**2 + 18*n - 18. Let q be t(a). Let c = 14 + q. Calculate x(c).
-8
Let t be (-21)/(-6)*24/14. Let s(f) = -3*f**3 + 6*f**2 - 2*f + 1. Let m(d) = 7*d**3 - 12*d**2 + 4*d - 6. Let q(n) = 2*m(n) + 5*s(n). What is q(t)?
-19
Let z(q) = -q**3 - 4*q**2 + 9*q + 2. Suppose -1482*v - 400 = -1480*v. Let s = v + 194. Determine z(s).
20
Suppose c + 21 = 16, c + 5 = -3*f. Let b(s) = -s**2 - 2*s + 21. Calculate b(f).
21
Let j(r) = -2*r**3 + 4*r**2. Let g(z) = -11*z**3 + 9*z**2 - 17*z - 4. Let f(w) = g(w) - 5*j(w). Determine f(-9).
-13
Suppose 158*k - 2 = 159*k. Let o(a) = -a**3 + 12*a**2 - a + 14. Let b be o(12). Let l(i) = i**2 - 4*i - b - 4*i**2 + i. Give l(k).
-8
Let a(h) = -6*h - 28. Suppose -t = 3*w - 7*w - 24, 5*w = -5*t - 80. Give a(w).
20
Let q(u) = -68*u - 296. Let o(h) = -53*h - 299. Let j(y) = -5*o(y) + 4*q(y). Give j(43).
10
Let z(t) = -453*t**2 + 1376*t**2 + t**3 + 13*t - 4 - 464*t**2 - 446*t**2. Give z(-12).
-16
Let x be (-168)/(-30) - (-2)/5. Let c(q) = -7*q**2 - 82 + 5*q - 6*q**3 + 88 + 11*q - 12*q + 7*q**3. Give c(x).
-6
Let b(a) = 2*a**3 - 21*a**2 + 61*a + 9. Let s(q) = -q**2 + 9*q. Let c(y) = -b(y) + 6*s(y). Give c(7).
-9
Suppose 92 = -3*y - 4*h, -34*y + 34 = -35*y + 2*h. Let n(a) = 14*a + 444. Give n(y).
-4
Let y(k) be the first derivative of -k**4/4 + 12*k + 2013. Suppose -4*o = -t - 0 + 8, 2*t + 4 = -2*o. Calculate y(t).
12
Suppose -4*i + 28 = 0, -7*i = 3*a - 3*i + 8. Let p(m) = m**2 + 6*m - 40. Give p(a).
32
Let x(y) = 3*y + 21. Let q be x(0). Suppose 19 = t + q. Let i = t - -8. Let p(v) = v**3 - 5*v**2 - 7*v + 9. Calculate p(i).
3
Suppose -l = -0 - 3. Suppose 4*c + 3 + 3 = l*m, -3*m + 3 = -3*c. Let p(g) be the second derivative of -g**3/6 - g**2/2 + 271*g - 1. Calculate p(m).
1
Let l(u) = 2*u - 9. Let b be -8 - ((-3 - 6) + 3). Let n(t) = 2*t**3 + 3*t**2 + 2*t. Let s be n(b). What is l(s)?
-25
Let l(i) be the first derivative of -i**3/3 + 8*i**2 - 2*i + 696. Give l(16).
-2
Let h(x) = -x**2 - 9*x - 23. Suppose -5*w = -5*g - 30, g = 4*g + 3*w. Give h(g).
-5
Let a(r) = -17*r**3 - 12*r**2 - 6*r + 3. Let n(u) = 37*u**3 + 27*u**2 + 14*u - 5. Let x(v) = 13*a(v) + 6*n(v)